4952 is divided by 85.
82
Calculate the remainder when 20419 is divided by 384.
67
Calculate the remainder when 701 is divided by 701.
0
What is the remainder when 60448 is divided by 186?
184
Calculate the remainder when 1246751 is divided by 1443.
1442
What is the remainder when 25077 is divided by 41?
26
Calculate the remainder when 1641 is divided by 24.
9
Calculate the remainder when 13069 is divided by 142.
5
What is the remainder when 10837 is divided by 22?
13
What is the remainder when 4462 is divided by 299?
276
What is the remainder when 1067662 is divided by 236?
234
What is the remainder when 54862 is divided by 211?
2
What is the remainder when 9288 is divided by 63?
27
What is the remainder when 25143 is divided by 5?
3
What is the remainder when 1879694 is divided by 38?
24
What is the remainder when 261563 is divided by 99?
5
What is the remainder when 174632 is divided by 127?
7
Calculate the remainder when 169259 is divided by 140.
139
What is the remainder when 43344 is divided by 48?
0
What is the remainder when 161383 is divided by 12?
7
What is the remainder when 74706 is divided by 310?
306
What is the remainder when 3436 is divided by 75?
61
What is the remainder when 1778654 is divided by 419?
418
What is the remainder when 16691 is divided by 162?
5
What is the remainder when 1809 is divided by 258?
3
What is the remainder when 111600 is divided by 59?
31
What is the remainder when 6478 is divided by 6419?
59
What is the remainder when 2360860 is divided by 1238?
1232
What is the remainder when 31604 is divided by 226?
190
Calculate the remainder when 18854 is divided by 187.
154
What is the remainder when 13459 is divided by 18?
13
Calculate the remainder when 4185 is divided by 1036.
41
Calculate the remainder when 13973985 is divided by 13.
12
Calculate the remainder when 31826 is divided by 332.
286
Calculate the remainder when 44827 is divided by 3324.
1615
What is the remainder when 416256 is divided by 742?
736
What is the remainder when 107295 is divided by 22?
1
What is the remainder when 2178 is divided by 45?
18
Calculate the remainder when 17113 is divided by 1901.
4
What is the remainder when 10807 is divided by 10615?
192
What is the remainder when 7300 is divided by 166?
162
Calculate the remainder when 23485 is divided by 1166.
165
Calculate the remainder when 35351 is divided by 3534.
11
What is the remainder when 3163 is divided by 1043?
34
Calculate the remainder when 59280 is divided by 353.
329
Calculate the remainder when 4795 is divided by 52.
11
Calculate the remainder when 17289 is divided by 1828.
837
Calculate the remainder when 58300 is divided by 14573.
8
What is the remainder when 8514 is divided by 4151?
212
Calculate the remainder when 70167 is divided by 358.
357
Calculate the remainder when 15503 is divided by 136.
135
What is the remainder when 2399 is divided by 845?
709
What is the remainder when 50291 is divided by 811?
9
Calculate the remainder when 44976 is divided by 2811.
0
Calculate the remainder when 499204 is divided by 24.
4
What is the remainder when 1739 is divided by 48?
11
What is the remainder when 6388 is divided by 83?
80
What is the remainder when 85390 is divided by 86?
78
What is the remainder when 110535 is divided by 328?
327
Calculate the remainder when 7703 is divided by 2367.
602
What is the remainder when 44413 is divided by 35?
33
Calculate the remainder when 16235 is divided by 555.
140
Calculate the remainder when 4428 is divided by 1070.
148
What is the remainder when 10378 is divided by 83?
3
Calculate the remainder when 441385 is divided by 147106.
67
Calculate the remainder when 471857 is divided by 9.
5
Calculate the remainder when 16402 is divided by 823.
765
What is the remainder when 91392 is divided by 91375?
17
Calculate the remainder when 2415 is divided by 13.
10
Calculate the remainder when 147 is divided by 32.
19
Calculate the remainder when 7274 is divided by 383.
380
Calculate the remainder when 28710 is divided by 14250.
210
Calculate the remainder when 34417 is divided by 703.
673
Calculate the remainder when 6096 is divided by 45.
21
What is the remainder when 141495 is divided by 47141?
72
What is the remainder when 70820 is divided by 13?
9
Calculate the remainder when 1912 is divided by 15.
7
Calculate the remainder when 7055 is divided by 403.
204
What is the remainder when 33870 is divided by 252?
102
What is the remainder when 9822 is divided by 3129?
435
Calculate the remainder when 29242 is divided by 65.
57
What is the remainder when 1283031 is divided by 46?
45
Calculate the remainder when 700420 is divided by 175103.
8
Calculate the remainder when 22195 is divided by 179.
178
Calculate the remainder when 10607 is divided by 30.
17
Calculate the remainder when 915588 is divided by 140.
128
Calculate the remainder when 18562 is divided by 18468.
94
Calculate the remainder when 145383 is divided by 446.
433
Calculate the remainder when 12900 is divided by 859.
15
Calculate the remainder when 508277 is divided by 493.
487
What is the remainder when 2858 is divided by 57?
8
Calculate the remainder when 44683 is divided by 14866.
85
What is the remainder when 28559 is divided by 76?
59
What is the remainder when 3550 is divided by 42?
22
Calculate the remainder when 1902 is divided by 950.
2
What is the remainder when 114133 is divided by 18?
13
What is the remainder when 5087 is divided by 130?
17
Calculate the remainder when 709484 is divided by 105.
104
Calculate the remainder when 8273 is divided by 93.
89
What is the remainder when 2012299 is divided by 9?
7
Calculate the remainder when 1163 is divided by 1033.
130
What is the remainder when 60212 is divided by 240?
212
What is the remainder when 1266 is divided by 1227?
39
Calculate the remainder when 754 is divided by 4.
2
Calculate the remainder when 3420282 is divided by 11.
8
Calculate the remainder when 21593 is divided by 135.
128
Calculate the remainder when 20210 is divided by 20200.
10
What is the remainder when 7044 is divided by 3510?
24
Calculate the remainder when 53843 is divided by 84.
83
What is the remainder when 77492 is divided by 42?
2
What is the remainder when 7209 is divided by 185?
179
What is the remainder when 9916669 is divided by 1327?
1325
What is the remainder when 30928 is divided by 269?
262
Calculate the remainder when 35929 is divided by 11.
3
Calculate the remainder when 2794 is divided by 198.
22
Calculate the remainder when 652077 is divided by 217354.
15
Calculate the remainder when 12140 is divided by 857.
142
What is the remainder when 186630 is divided by 453?
447
Calculate the remainder when 11327 is divided by 62.
43
Calculate the remainder when 110804 is divided by 4817.
13
What is the remainder when 10595 is divided by 265?
260
What is the remainder when 144 is divided by 117?
27
What is the remainder when 2889 is divided by 708?
57
What is the remainder when 1484 is divided by 313?
232
Calculate the remainder when 8013 is divided by 1335.
3
Calculate the remainder when 1297 is divided by 931.
366
What is the remainder when 283397 is divided by 100?
97
What is the remainder when 1287 is divided by 213?
9
Calculate the remainder when 1805 is divided by 86.
85
Calculate the remainder when 55847 is divided by 55842.
5
What is the remainder when 65008 is divided by 845?
788
What is the remainder when 2103 is divided by 1291?
812
Calculate the remainder when 94815 is divided by 65.
45
What is the remainder when 77210 is divided by 22?
12
Calculate the remainder when 13863 is divided by 24.
15
What is the remainder when 1223 is divided by 68?
67
What is the remainder when 6464 is divided by 98?
94
Calculate the remainder when 34317 is divided by 553.
31
What is the remainder when 958 is divided by 411?
136
Calculate the remainder when 5310 is divided by 5309.
1
What is the remainder when 1467999 is divided by 113?
16
What is the remainder when 7508 is divided by 1122?
776
What is the remainder when 15722 is divided by 2618?
14
What is the remainder when 361777 is divided by 1190?
17
Calculate the remainder when 17054 is divided by 190.
144
Calculate the remainder when 97567 is divided by 691.
136
Calculate the remainder when 1143